{"id":16,"date":"2022-05-30T14:47:39","date_gmt":"2022-05-30T11:47:39","guid":{"rendered":"https:\/\/www.followtech.net\/damak\/?page_id=16"},"modified":"2022-06-19T14:54:53","modified_gmt":"2022-06-19T11:54:53","slug":"biz-kimiz","status":"publish","type":"page","link":"https:\/\/www.damakkofte.com.tr\/index.php\/biz-kimiz\/","title":{"rendered":"Biz Kimiz"},"content":{"rendered":"\n<p class=\"has-medium-font-size\">Damak K\u00f6fte bir T&amp;T G\u0131da markas\u0131 olup, kuruldu\u011fu 1992 y\u0131l\u0131ndan g\u00fcn\u00fcm\u00fcze kadar Trakya b\u00f6lgesindeki \u00e7iftliklerde tamamen yerli besi olarak \u00fcretilmi\u015f olan do\u011fal ve sa\u011fl\u0131kl\u0131 et \u00fcr\u00fcnleriyle tan\u0131nmakta ve hizmet vermektedir.<\/p>\n\n\n\n<p class=\"has-medium-font-size\">Trakya b\u00f6lgesinde 30 y\u0131l\u0131 a\u015fk\u0131n s\u00fcredir et \u00fcr\u00fcnleri sekt\u00f6r\u00fcnde hizmet vermekte olan T&amp;T G\u0131da,&nbsp; profesyonel kadrosuyla ve g\u00fcn\u00fcm\u00fcz teknolojilerini ve hizmet standartlar\u0131n\u0131 yak\u0131ndan takip ederek s\u00fcrekli yenilenen ekipmanlar\u0131 ve ara\u00e7lar\u0131yla kurumsal kimli\u011fini daha da b\u00fcy\u00fcterek T\u00fcrkiye uluslararas\u0131 markalar\u0131ndan biri olmay\u0131 hedeflemektedir.<\/p>\n\n\n\n<figure class=\"wp-block-image size-large\"><img loading=\"lazy\" decoding=\"async\" width=\"1707\" height=\"2560\" src=\"https:\/\/www.damakkofte.com.tr\/wp-content\/uploads\/2022\/06\/381A9479-edited-scaled.jpg\" alt=\"\" class=\"wp-image-79\" srcset=\"https:\/\/www.damakkofte.com.tr\/wp-content\/uploads\/2022\/06\/381A9479-edited-scaled.jpg 1707w, https:\/\/www.damakkofte.com.tr\/wp-content\/uploads\/2022\/06\/381A9479-edited-200x300.jpg 200w, https:\/\/www.damakkofte.com.tr\/wp-content\/uploads\/2022\/06\/381A9479-edited-683x1024.jpg 683w, https:\/\/www.damakkofte.com.tr\/wp-content\/uploads\/2022\/06\/381A9479-edited-768x1152.jpg 768w, https:\/\/www.damakkofte.com.tr\/wp-content\/uploads\/2022\/06\/381A9479-edited-1024x1536.jpg 1024w, https:\/\/www.damakkofte.com.tr\/wp-content\/uploads\/2022\/06\/381A9479-edited-1365x2048.jpg 1365w\" sizes=\"auto, (max-width: 1707px) 100vw, 1707px\" \/><\/figure>\n\n\n\n<p class=\"has-medium-font-size\">Y\u00fcksek kalite ve hijyen standartlar\u0131yla T&amp;T G\u0131da tesislerinde kesimleri ve \u00fcretimleri yap\u0131lan Damak k\u00f6fte, k\u0131rm\u0131z\u0131 et ve beyaz et mam\u00fcllerini marketlerde, restauranlarda, otellerde ve tatil k\u00f6ylerinde, etkinlik ve organizasyonlarda siz de\u011ferli m\u00fc\u015fterilerimizle bulu\u015fmaktad\u0131r.<\/p>\n\n\n\n<p class=\"has-medium-font-size\">Damak K\u00f6fte \u00fcr\u00fcnleri her ge\u00e7en g\u00fcn b\u00fcy\u00fcyen anla\u015fmal\u0131 perakende sat\u0131\u015f noktalar\u0131n\u0131n ve turistik tesislerin (oteller, tatil k\u00f6yleri, vb.) vazge\u00e7ilmez markalar\u0131ndan biri haline gelmi\u015ftir.<\/p>\n\n\n\n<p class=\"has-medium-font-size\">T&amp;T G\u0131da, Damak K\u00f6fte markas\u0131n\u0131 uluslararas\u0131 bir T\u00fcrk markas\u0131 seviyesine getirebilmek i\u00e7in her ya\u015ftaki insanlar\u0131n beslenmesinde vazge\u00e7ilmez g\u0131da olan et \u00fcr\u00fcnlerinin taze, do\u011fal ve sa\u011fl\u0131kl\u0131 olarak \u00fcretilmesi gereklili\u011fini ilke olarak benimsemi\u015ftir. Ayr\u0131ca, Damak K\u00f6fte markal\u0131 et \u00fcr\u00fcnleri t\u00fcm kalite standartlar\u0131na ve islami ko\u015fullara uygun \u015fekilde ISO ve Helal belgelerine sahip olarak \u00fcretim s\u00fcre\u00e7lerini ger\u00e7ekle\u015ftirmektedir.<\/p>\n\n\n\n<p class=\"has-medium-font-size\">T&amp;T G\u0131da ailesi ve Damak K\u00f6fte markas\u0131 olarak ailenizle g\u00fcvenle t\u00fcketebilece\u011finiz et ve et \u00fcr\u00fcnleri \u00fcretiyor olmaktan gurur duyuyoruz.<\/p>\n\n\n\n<p class=\"has-medium-font-size\"><strong>M\u0130SYON<\/strong><\/p>\n\n\n\n<p class=\"has-medium-font-size\">Misyonumuz; \u0130nsan sa\u011fl\u0131\u011f\u0131 ve g\u00fcven olgusuyla \u00e7al\u0131\u015fanlar\u0131m\u0131z\u0131n ve m\u00fc\u015fterilerimizin haklar\u0131n\u0131 her durumda koruyarak hizmet etmektir. Ayr\u0131ca \u00e7evreye duyarl\u0131, modern \u00e7a\u011f\u0131n gerektirdi\u011fi hijyenik ve teknolojik yenilikleri en \u00fcst d\u00fczeyde kullanarak \u00fcretimimizi ve geli\u015fimimizi sa\u011flamaktay\u0131z.<\/p>\n\n\n\n<p class=\"has-medium-font-size\"><strong>V\u0130ZYON<\/strong><\/p>\n\n\n\n<p class=\"has-medium-font-size\">Vizyonumuz; Ba\u015fta Trakya b\u00f6lgesinin y\u00f6resel tatlar\u0131 ile harmanlanm\u0131\u015f Damak K\u00f6fte lezzetinin di\u011fer y\u00f6resel et \u00fcr\u00fcnleriyle birlikte Damak K\u00f6fte markas\u0131 alt\u0131nda, t\u00fcketicilerin be\u011fenisine sunarak herkesin ula\u015fabilece\u011fi ve kurumsal kimli\u011fi daha b\u00fcy\u00fck uluslararas\u0131 bir T\u00fcrk markas\u0131 olmak.<\/p>\n","protected":false},"excerpt":{"rendered":"<p>Damak K\u00f6fte bir T&amp;T G\u0131da markas\u0131 olup, kuruldu\u011fu 1992 y\u0131l\u0131ndan g\u00fcn\u00fcm\u00fcze kadar Trakya b\u00f6lgesindeki \u00e7iftliklerde tamamen yerli besi olarak \u00fcretilmi\u015f olan do\u011fal ve sa\u011fl\u0131kl\u0131 et \u00fcr\u00fcnleriyle tan\u0131nmakta ve hizmet vermektedir. Trakya b\u00f6lgesinde 30 y\u0131l\u0131 a\u015fk\u0131n s\u00fcredir et \u00fcr\u00fcnleri sekt\u00f6r\u00fcnde hizmet vermekte olan T&amp;T G\u0131da,&nbsp; profesyonel kadrosuyla ve g\u00fcn\u00fcm\u00fcz teknolojilerini ve hizmet standartlar\u0131n\u0131 yak\u0131ndan takip ederek [&hellip;]<\/p>\n","protected":false},"author":1,"featured_media":0,"parent":0,"menu_order":0,"comment_status":"closed","ping_status":"closed","template":"templates\/template-page-full-width.php","meta":{"footnotes":""},"class_list":["post-16","page","type-page","status-publish","hentry"],"_links":{"self":[{"href":"https:\/\/www.damakkofte.com.tr\/index.php\/wp-json\/wp\/v2\/pages\/16","targetHints":{"allow":["GET"]}}],"collection":[{"href":"https:\/\/www.damakkofte.com.tr\/index.php\/wp-json\/wp\/v2\/pages"}],"about":[{"href":"https:\/\/www.damakkofte.com.tr\/index.php\/wp-json\/wp\/v2\/types\/page"}],"author":[{"embeddable":true,"href":"https:\/\/www.damakkofte.com.tr\/index.php\/wp-json\/wp\/v2\/users\/1"}],"replies":[{"embeddable":true,"href":"https:\/\/www.damakkofte.com.tr\/index.php\/wp-json\/wp\/v2\/comments?post=16"}],"version-history":[{"count":7,"href":"https:\/\/www.damakkofte.com.tr\/index.php\/wp-json\/wp\/v2\/pages\/16\/revisions"}],"predecessor-version":[{"id":324,"href":"https:\/\/www.damakkofte.com.tr\/index.php\/wp-json\/wp\/v2\/pages\/16\/revisions\/324"}],"wp:attachment":[{"href":"https:\/\/www.damakkofte.com.tr\/index.php\/wp-json\/wp\/v2\/media?parent=16"}],"curies":[{"name":"wp","href":"https:\/\/api.w.org\/{rel}","templated":true}]}}